 derivative of -u**6/120 + u**5/10 + u**4/8 - 7*u**3/6 - 7*u**2. Suppose -7*b + 20 = -9*b. Let p be (-868)/(-140) + 2/b. Give m(p).
11
Suppose 4*t + 4 = -4*f, -5 = t + f + 2*f. Suppose 0 = v - t - 0. Let z(g) = -7*g**3 + 2*g**2 - 6*g. Let j(w) = -w. Let r(m) = -5*j(m) + z(m). Determine r(v).
-6
Let l = -7971 - -7975. Let k(c) = c**2 - c**2 + c**2 - 3*c. What is k(l)?
4
Let k(h) = 2*h**2 - 6*h - 43. Let f be k(6). Let r(i) = -i**2 - 7*i - 8. Give r(f).
-8
Let p be 0 + 2*-1 - -6. Let t(q) = 17*q**2 - 21*q + 5. Let u(s) = 37*s**2 - 46*s + 10. Let b(n) = 13*t(n) - 6*u(n). Determine b(p).
1
Let r(n) = 3*n**3 - 10*n**2 + 7*n + 4. Let f(a) = -7*a**3 + 20*a**2 - 14*a - 6. Let o(t) = -2*f(t) - 5*r(t). Calculate o(9).
10
Let f(q) = q**3 - 5*q**2 + 3*q - 3. Suppose -5*b + 15 = -5. Determine f(b).
-7
Let u be -1*(-2 + 4 + 3). Let m(c) be the first derivative of 7*c**2 - 2*c + 7 + c - 8*c**2. Determine m(u).
9
Let l(b) = -3 - 4*b - 15809*b**2 + 0 + 1 - 1 + 15813*b**2. Give l(4).
45
Let c(a) = -16*a**2 + 5*a - 5. Let h(f) = 9*f**2 - 2*f + 2. Let y(j) = 4*c(j) + 7*h(j). Calculate y(5).
-1
Let a(m) = -m**2 + 10*m - 21. Let d be a(6). Let h(b) = 3*b**2 - 5*b + 2. Calculate h(d).
14
Let q(x) = -13*x**3 + x**2 + 3*x + 2. Let p be q(-1). Let z = 5 - p. Let o(m) = -m**2 - 8*m. Give o(z).
0
Suppose 4*j = -5*f, 4*f = -2*j + 2 - 8. Let h be 9 - f*4/8. Let x(l) = -l**3 + 11*l**2 + 1. Let a be x(h). Let d(u) = -5*u**3 + 1. What is d(a)?
-4
Let q be (-4)/(-14) - (-10)/14. Let n(t) be the third derivative of 3*t**4/8 - t**3/6 - 129*t**2. Give n(q).
8
Suppose 0 = -10*m + 8*m + 36. Suppose 17 = 7*f - m. Let d(t) be the third derivative of t**5/60 - t**4/6 + t**3/3 + t**2. Determine d(f).
7
Let d(m) = -m**3 + 2*m**2 + 19*m - 3. Let b be d(0). Let v(z) = -z - 2. Calculate v(b).
1
Suppose 0 = -4*u - 12 + 24. Suppose 3*w + 2*g + 15 = -2*w, u = -w - 5*g. Let q(k) = -k**3 - 3*k**2 + 2*k + 1. What is q(w)?
-5
Let a(f) be the first derivative of -f**4/4 - f**3 + 3*f**2/2 + 6*f - 43. Let s(n) = 3*n + 3. Let x be s(-9). Let h be x/3*2/4. Give a(h).
10
Let u be (-2)/(-4)*4/2. Suppose -7 = 4*f + u, -4*f - 6 = b. Let o(w) = -w**2 - b + 16*w - 7*w - 10*w. What is o(2)?
-8
Let f(c) = c**2 + 4*c - 10. Let q be (24/(-20))/((-9)/(-60)). Calculate f(q).
22
Let z(u) = u + 11. Let p be z(6). Let t = -29 - -31. Let v(a) = 3*a**t - 7*a**3 - 11*a**3 + p*a**3 + 6*a - 1. What is v(4)?
7
Let z = 12 - 15. Let f(q) be the second derivative of 1/2*q**2 + 0 + 8*q + 1/6*q**3 + 1/12*q**4. Calculate f(z).
7
Let v(p) = -p**3 + 8*p**2 - 13*p. Let h be v(3). Let m(l) = l**2 - 4*l + 2. What is m(h)?
14
Let v be ((-30)/(-20))/((-1)/(-2)). Let s(j) = -13*j**2 + v - 4 + 7*j**2. What is s(-1)?
-7
Let d be (105/(-2))/5 - (-96)/(-64). Let u(l) = -l - 10. What is u(d)?
2
Let g(v) = -21*v - 16*v + 1 + 38*v. Suppose 5*s + 25 = -0*s + 2*c, 0 = 3*c. What is g(s)?
-4
Let c(n) = n**2 - 2*n - 4. Let j be c(3). Let l(z) = 5*z + z**2 - 3*z + 0*z**2 - 8*z**3 + 1 + 11*z**3. What is l(j)?
-3
Let a(r) = 2 + 6*r - 11*r - 7. Let y(w) = -126*w - 126. Let f(m) = 153*a(m) - 6*y(m). Let p(d) = -5*d - 5. Let h(l) = -4*f(l) + 7*p(l). Calculate h(7).
8
Let v(w) be the second derivative of w**5/20 - w**4/2 - 12*w - 2. Let m(x) = 2*x + 10. Let s be m(-2). Give v(s).
0
Let a be (-45)/(-12) - 20/(-16). Let v(f) = -4*f**2 + 2 + 3 - 1 - 3*f + a*f**2. Suppose u + 0*u = 4. What is v(u)?
8
Let l(m) = 3334 + 2*m + 3353 - 6709. Give l(7).
-8
Suppose j = -6*j. Let k(b) = 1 + 1 - b + j - 4. Determine k(6).
-8
Let s(c) be the first derivative of c**4/4 - 7*c**3/3 - 3*c**2/2 + 10*c - 62. Give s(7).
-11
Let s(w) = 12*w + 15. Let d(u) = 5*u + 8. Let z(x) = 5*d(x) - 2*s(x). Let p = 13 + -17. Let y be z(p). Let f(v) = -v**3 + 5*v**2 + 3*v + 5. Calculate f(y).
-13
Let m(c) = -4*c + 1. Let u be m(-2). Let q be ((-3)/u - 0)*-9. Let i(b) = -153 - 148 - 2*b - b**3 + 300 + 4*b**2. Give i(q).
2
Let z(a) = 4 + a**2 - 13 + 16*a - 10 + 3 - 3. Determine z(-16).
-19
Let l(t) = -3*t - 1. Let b(f) = -f**3 + 4*f**2 + 16*f - 54. Let i be b(5). What is l(i)?
-4
Let q(h) = 14 - 4 - 1 - 37*h + 33*h. Determine q(-3).
21
Let a(j) = 5*j**3 + 2*j**2 - 9*j - 6. Let i(n) = 4*n**3 + n**2 - 8*n - 5. Let x(h) = -5*a(h) + 6*i(h). Suppose -17*m + 16 = 50. What is x(m)?
-2
Let v(l) = 3*l - 1. Let o(a) = 3. Let c(m) = -1. Let r(b) = 5*c(b) + 2*o(b). Let k(x) = 6*r(x) + v(x). Give k(-5).
-10
Let w(v) = v**2 - 2*v - 14. Let j be w(5). Let x(u) = 9*u**3 + u**2 - u + 1. What is x(j)?
10
Suppose -14 = -3*m + 61. Suppose 4*p + 4 = -h, -4*p + 9*p = -5*h + m. Let z(n) = -n**2 + 7*n - 4. What is z(h)?
-12
Suppose -9 = -5*f + 1. Let t = 4 - f. Let m(w) = 3*w**2 - t*w**2 + 3*w**2 - 1 + 0*w**2. Determine m(-1).
3
Let z = -15 - -18. Let f be (z + -3)/(-1 - 1). Let y(m) = -1 + m + f - 2 - 3. What is y(6)?
0
Let w(p) = -25*p**2 + p. Let a(j) = 6*j**2 - j + 1. Let f(q) = 4*a(q) + w(q). What is f(3)?
-14
Let g(s) = -2*s + 6. Let l(u) = u - 3. Let o(v) = -2*g(v) - 6*l(v). Determine o(4).
-2
Suppose 20*k - 204 = -14*k. Let f(d) be the second derivative of -d**4/12 + 5*d**3/6 + 3*d**2 - 2*d. What is f(k)?
0
Let n be -1 + (-6 - (-16 + 6)). Let x(c) = -2*c**2 - 2*c + 1. Let b(r) = -r**2 - 2*r + 2. Let w(p) = -3*b(p) + 2*x(p). Give w(n).
-7
Let w(b) = 4*b + 20*b + 7 - b**2 - 51 + 2 + 0*b. Give w(22).
2
Let h(u) = -18*u - 6. Let y(j) = -2*j + 5 + 24*j - 5*j. Let v(x) = -4*h(x) - 5*y(x). Calculate v(-1).
12
Let b(j) be the first derivative of j**4/4 - 8*j**3/3 + 3*j**2 + j + 177. Calculate b(7).
-6
Let f(n) = -7*n**2 + 1 + 182*n**3 - 3 - 181*n**3. What is f(7)?
-2
Let u = -41 + 48. Suppose u*x = 9*x + 8. Let y(j) = -j**3 - 3*j**2 + 5*j - 3. Calculate y(x).
-7
Let h = -11 - -3. Let p(w) = 17 - 8 - w + 15 - 17. Give p(h).
15
Suppose 10*b + 13*b + 2*b = 0. Let d(j) be the second derivative of b - j**2 + 1/12*j**4 + 13*j + 2/3*j**3. Calculate d(-6).
10
Let m(a) = a + 15. Let k be m(-20). Let d(c) be the first derivative of c**4/4 + 4*c**3/3 - 5*c**2/2 - 2*c - 2. Give d(k).
-2
Let p(j) = -5*j**2 + 1. Let m = 4 + 8. Suppose 0 = 2*s - 4*k - m, 0*k - k = -s + 5. Suppose 0 = -s*y - 3 - 1. What is p(y)?
-4
Let j(w) be the third derivative of -w**4/24 + 2*w**3/3 - w**2. Let x be 1008/(-60) - (-2)/(-10). Let i(a) = a**3 + 17*a**2 - a - 13. Let n be i(x). Give j(n).
0
Let s(m) be the third derivative of 0 - 1/240*m**6 + 1/120*m**5 - 6*m**2 + 0*m - 1/4*m**4 + 0*m**3. Let y(j) be the second derivative of s(j). Give y(2).
-5
Let t(h) be the second derivative of h**6/720 + h**5/12 + 7*h**4/12 + 31*h. Let y(i) be the third derivative of t(i). Let w be 2/(1 - 9/7). Determine y(w).
3
Let p(t) = 8*t**2 - 136*t - 3. Let w be p(17). Let m(a) = -5*a + 8. Let f(c) = c - 1. Let g(q) = 4*f(q) + m(q). Determine g(w).
7
Let h = -96 + 102. Suppose -3*g - 14 = -t - g, 0 = 3*t + 3*g - 60. Let q be (8/h)/(4/t). Let w(j) = j**2 - 7*j + 2. Give w(q).
-4
Let n be (-10)/(-15)*(22 + 2). Let x(f) = -f**3 - 5*f**2 + 9*f + 3. Let m be x(-6). Let d = m + n. Let g(c) = -3*c. Determine g(d).
-3
Let d(u) be the second derivative of 0 - 1/2*u**4 + 3*u**2 + 5*u - u**3 - 1/20*u**5. What is d(-5)?
11
Let h(x) = x + 6. Let u = 23 - 33. Give h(u).
-4
Let t(s) = s**2 - 3*s - 9. Let g(z) = -2*z**2 - 8*z + 6. Let d be g(-5). Let v be t(d). Suppose v*l - 20 = 14*l. Let a(w) = -w**3 + 2*w**2 + 5*w - 3. Give a(l).
-15
Let y(t) be the second derivative of t**5/20 - t**4/3 - 5*t**2/2 + 3*t. Let b(a) = -a + 5. Let f be b(2). Let u = f - -1. Determine y(u).
-5
Suppose 3*y - 144 = 2*x - 3*x, -5*y = 5*x - 230. Suppose -y - 27 = -2*j. Suppose -j = 4*u - u + 5*c, -2*u - 8 = -c. Let r(o) = o**2 + 3*o - 7. Determine r(u).
11
Let x(p) = 20*p**3 + 27*p**2 + 3*p + 54. Let t(a) = 7*a**3 + 9*a**2 + a + 18. Let z(d) = -17*t(d) + 6*x(d). Determine z(-9).
9
Let y(m) = 23 - 2*m**2 - 25 + 3*m**2 + 4*m. Let l be -2 + (-1)/((-1)/(-1)). Let w be y(l). Let d(i) = i**2 + 5*i + 2. Give d(w).
2
Let x be 18*(-3 + (-30)/(-9)). Suppose 0*c - x = 2*c. Let f(r) = r**3 + 2*r**2 + 2*r. Give f(c).
-15
Let o(q) = -2*q**3 + 5*q**2 - 2*q + 5. Let u(z) = z**3 + z**2 + z + 1. Let m(r) = -o(r) - u(r). Calculate m(5).
-26
Let c(b) be the first derivative of b**4/4 + b**3 - b**2 - 2*b + 88. Give c(-3).
4
Let b be (-15)/6*12/15. Let j(y) be the first derivative of -y**5/60 - y**4/8 + 4*y**3/3 - 5. Let c(k) 